*y - 516805. Is q a composite number?
True
Let o be -11*4/(-3) - (-8)/(-12). Suppose o = 15*q - 8*q. Suppose -3*y - q*y - 4*j = -2769, 0 = -2*y - 2*j + 1108. Is y prime?
False
Let l(z) = 38*z**2 + 35*z - 42. Let k(y) = -15*y + 106. Let t be k(9). Is l(t) prime?
False
Let m(k) = 27*k**2 - 10*k - 26. Let o = 65 + -94. Let j be (-2)/(o/(-9) + -1 + -2). Is m(j) a prime number?
True
Let b(m) = -5 - 473*m + 128 + 16. Is b(-6) composite?
True
Suppose 25*x - 90 = 20*x. Suppose 14*i - 11*i = x. Is (-14)/6 + 2 - (-1556)/i composite?
True
Is (265/(-106))/((-1340)/(-8076) - 3/18) composite?
True
Suppose 0 = 5*j - c - 237842, 2*j - 2*c - 63666 - 31482 = 0. Is j prime?
False
Let v(z) = 10472*z**2 + 167*z - 1468. Is v(9) composite?
True
Let v = -3685 - -6558. Let a = v + -1986. Is a prime?
True
Let o be ((-22)/(-11))/(1/227). Let s be (1 - 2)/(-5 + (-477)/(-96)). Suppose o = 2*q + s. Is q prime?
True
Let y(z) = 2*z**3 - 42*z**2 - 283*z + 541. Is y(40) composite?
False
Is (-14)/56 - (-3213405)/36 a prime number?
True
Suppose 0 = -n + 3*r - 8*r + 5, 0 = 5*n - r + 105. Let u be 18/4 - 10/n. Suppose 631 = g - 5*d, 1635 = 5*g + u*d - 1580. Is g a composite number?
False
Let v(o) = -52*o**2 - 9*o + 12. Let q(x) = -105*x**2 - 19*x + 24. Let j(z) = -3*q(z) + 5*v(z). Is j(7) composite?
False
Let s be 4/(-14) - (-910)/98. Suppose -m + 14 = m - 2*b, 0 = -2*m + b + s. Is 669*m/3*(-1)/(-2) a composite number?
False
Suppose -2*h + 9*c - 14*c + 231946 = 0, -2*h + 231942 = 4*c. Is h a prime number?
True
Let p = 35 + -33. Suppose -2550 = -b + p*t, -3*b + 7650 = -0*b + 5*t. Suppose -3*u + 1767 + b = 0. Is u a composite number?
False
Suppose -65 = 7*f + 5. Is (-8 + -7 - f)/(1/(-479)) composite?
True
Suppose 0 = -2*d - 201 - 303. Let a = 2993 + d. Is a prime?
True
Suppose 4*w = 38 + 2. Let z be (673/2)/(5/(w - 0)). Is (0 - z)/(-2*(-1)/(-2)) prime?
True
Let w = 98 - 91. Suppose 3*s - w + 22 = 0. Is (-3)/(s/((-20415)/(-9))) a composite number?
False
Let i = 896016 + -494397. Is i a composite number?
True
Let v be (6/18 - (-76)/6) + 0. Suppose -16946 = -2*g - 4*x, v*g - 15*g = -x - 16931. Is g a prime number?
True
Let v(d) = -d**3 - d**2 - 6. Let a be v(0). Let u be (a - -219)/(-1 + (-14)/(-20)). Let s = -113 - u. Is s composite?
True
Is (1/2 + 45 + -43)/((-12)/(-6995784)) a prime number?
False
Let b be 6/(36/8 - 3). Suppose 0 = b*x + 5*z + 5225, -2*x - 4*z = -3*x - 1322. Is x/(-20) - 3/(-2) a prime number?
True
Let o = -12 - -12. Suppose 10*w + 1 = 31. Suppose -w*v + 540 + 1551 = o. Is v a prime number?
False
Let a = -27415 - -77436. Is a composite?
False
Let u(r) be the third derivative of r**6/72 - r**5/60 - 5*r**4/12 - 10*r**3/3 + 17*r**2. Let h(g) be the first derivative of u(g). Is h(-9) prime?
False
Let z(x) = -14*x + 31. Suppose -r = -6*r + 50. Suppose 0 = 4*j + 42 + r. Is z(j) prime?
False
Let o(a) = -63*a + 12*a**2 + 3 - 61*a + 127*a. Is o(-4) composite?
True
Let d(h) be the first derivative of h**2 - 8*h + 12. Let z be d(5). Is (z/(-3))/(5*(-2)/19095) a prime number?
False
Let j(h) = 24163*h**3 + 3*h**2 + h - 4. Is j(1) prime?
False
Let w(z) = 7*z + 155. Let c be w(-23). Let p(d) = -107*d + 5. Is p(c) a composite number?
False
Let i be 6/30 - (-274962)/15. Suppose -i - 28079 = -5*o. Suppose 3*t - k = 8461, -2*t - 2*k - 3652 + o = 0. Is t composite?
False
Let v be (-6)/3 - (6/2 - 5). Suppose 0 = 12*y - v*y - 588. Is (-2)/(-7) + 49427/y composite?
False
Suppose 60662 = 3*h + 746. Suppose h = 14*f - 54214. Is f a prime number?
False
Let k(h) = -3*h**3 - 22*h**2 + 73*h - 39. Let r be k(-18). Let f = r - 1408. Is f a composite number?
False
Suppose j + 6*o = 302553, 0 = 49*j - 50*j - 2*o + 302545. Is j prime?
False
Let x(f) = -857*f - 4. Let l = -176 - -175. Is x(l) a composite number?
False
Let k = -65 + 71. Let w(m) = -48 + 68*m + 29*m - k*m. Is w(11) a composite number?
False
Is 8 + (-7 - -20599) - (5 + 2) a composite number?
False
Suppose -3*r = -1886 + 320. Let g be 0 - (-1 + 1) - -4. Suppose 5 = a, -3*z + g*a + 595 = -r. Is z composite?
False
Suppose -12*u + 4930 = -3110. Let f = 3063 - u. Is f composite?
False
Suppose 0 = 4*t + 2*h - 7506, -3*t - h - 292 = -5919. Suppose j - t - 2171 = 0. Is j a prime number?
False
Let k(o) = -158*o**3 - 3*o**2 + 14*o + 14. Let g be (-3*4/(-30))/((-5)/50). Is k(g) a composite number?
True
Suppose 14*d - 14275827 - 14202746 + 5352519 = 0. Is d prime?
True
Is (15 + -16)*(31626/(-2) + -4) a composite number?
False
Let n = -19683 + 38480. Is n prime?
True
Let m(b) = -104*b - 13. Let h be m(-8). Let v be h/35 - (-2)/((-20)/(-6)). Suppose -v*j - 587 = -25*j. Is j composite?
False
Suppose -19*q - 2233836 + 7750657 = 0. Is q prime?
True
Let x(d) = 11*d**2 - 12*d + 46. Let k be x(4). Let m = k + 547. Is m a prime number?
False
Suppose -p - 25 = -6*p. Suppose -2*l = -3 - p. Suppose 4358 = 2*t - 2*m, -6537 = -7*t + l*t + 5*m. Is t composite?
False
Suppose 678422 - 2931884 = -366*o. Is o a composite number?
True
Let l(k) = 283*k - 276*k + 3 - 2*k**2 + 3*k**2. Let r be l(-8). Suppose z + r*z = 85236. Is z a prime number?
True
Let j be (58/87)/(4/(-150)). Let v(i) = i**3 + 26*i**2 + 10*i - 12. Let m be v(j). Is (-2)/(-3)*m/2 a composite number?
True
Let j(x) = x + 9. Let k be j(-5). Suppose -k*s - 3176 = -2*o, 0*o - 2*o - 8 = 0. Let c = 1583 + s. Is c composite?
False
Suppose 9*u + 18*u = 10*u + 151793. Is u composite?
False
Let h = -198 + 202. Is (-31343)/(-39) - h/6 a prime number?
False
Let d(b) = 1006*b**3 - 2*b**2 - b + 1. Let o = -275 - -277. Is d(o) a prime number?
True
Let j be 5/15 - (-2)/(-6). Suppose 4*g - 3 = l, j = 4*l + g - 5. Is (18/(-6) - -4)/(l/1031) a composite number?
False
Is (-26997)/((15/(-11))/5) composite?
True
Suppose -18*c = -5*h - 15*c - 3, 1 = 3*h + c. Let t(m) = m**2 - 7*m + 41623. Is t(h) prime?
False
Suppose 4*g + 5*m = 88102, m - 101757 = -5*g + 8402. Is g prime?
False
Let d(t) = -551*t**2 + 15*t - 36. Let m(r) = 275*r**2 - 7*r + 18. Let k(q) = 2*d(q) + 5*m(q). Let n(a) be the first derivative of k(a). Is n(6) prime?
True
Let q be ((-2)/(-4))/((-1)/114) + 4. Let i = q + 68. Suppose 584 = -i*d + 3449. Is d a composite number?
False
Let b(f) = 6 + 33*f**2 - 5 + 198*f**2 + 2*f. Suppose 10 - 2 = -4*g. Is b(g) prime?
False
Suppose 10*d - 7*d = -4*i + 23, 4*i - 5*d = -17. Suppose 4*m - 2*r - 7446 = 0, -2*r + 0 = i. Is m a composite number?
False
Suppose 0 = 8*g - 7*g - 2*i + 1886, -2*i = -3*g - 5638. Let v = g - -5587. Is v composite?
True
Suppose -8 = -14*h - 36. Is (h/(-6)*-1)/((-1)/951) a prime number?
True
Let z = 346254 - 221797. Is z composite?
True
Let y = 746725 + 2818. Is y a prime number?
True
Suppose 0 = -3*j + 3*k + 736986 + 33354, 5*k = 4*j - 1027123. Is j prime?
False
Let k = 83665 - -80838. Is k a composite number?
False
Suppose -103703 - 122125 = -17*p. Suppose j + 0*j - p = 5*s, -5*s = -25. Is j composite?
False
Let h(l) = -28779*l - 6172. Is h(-17) prime?
True
Let o = 513 - 513. Suppose o = 133*i - 131*i - 16642. Is i a prime number?
False
Let r(w) = 154*w - 24. Let y be r(-7). Let o be (-2)/(-8)*4 + y. Let v = o + 1616. Is v a prime number?
False
Suppose k + 381800 = 4*l - 99603, -5*l = 4*k - 601717. Is l a prime number?
True
Suppose 58*c - 60*c - 4*h = -556, 4*c = -h + 1154. Suppose -y = -0*y - 3. Suppose y*g = 1211 - c. Is g a composite number?
False
Suppose -5*b + 4*a + 28 = 0, 5*b + 2*a = 3*b + 4. Suppose 0 = -c - 2*p + 2089, b*p = -2*c - p + 4173. Is c composite?
False
Let b(n) be the second derivative of 9*n - 3/2*n**2 + 8/3*n**3 + 0. Is b(5) a prime number?
False
Suppose 135*v - 136*v + u = -74813, -v = -4*u - 74831. Is v composite?
True
Suppose -4*b = s + 688, 0 = -s - 0*b - 5*b - 689. Let a = 1185 + s. Is a a prime number?
False
Let a(i) = 5121*i + 5579. Is a(8) composite?
True
Let h(c) = 20*c + 2667. Is h(23) a prime number?
False
Let u(r) = 121*r**2 - 65*r - 141. Is u(-38) prime?
False
Let d = 93940 + -48197. Is d prime?
False
Suppose -h + 5*j = -519834, 4*h - 2*j - 553062 = 1526202. Is h composite?
True
Let i(n) be the first derivative of 5*n**3 - 7*n**2 - 26*n - 1. Let z be ((-6)/2)/((-361)/(-57) - 6). Is i(z) a composite number?
True
Let c(u) = 10*u**3 + 30*u**2 - 38*u - 50. Let r be c(-30). Is r/(-110) - (-14)/(-77) a prime number?
False
Suppose 88 = j + 4*g + 5503, 0 = -2*j + 5*g - 1